8?
8533925
In base 8, what is -63564 + 544?
-63020
In base 5, what is -13431 - 12414?
-31400
In base 11, what is 0 + -881405a4?
-881405a4
In base 5, what is 130100 + -44111?
30434
In base 10, what is -3 - -23427564?
23427561
In base 4, what is -110210 - 10313213?
-11030023
In base 5, what is -12343044 - -10134?
-12332410
In base 10, what is 6 - 3774395?
-3774389
In base 11, what is 1 + 67159769?
6715976a
In base 16, what is -2d8a851 - -4?
-2d8a84d
In base 10, what is 6 - 7599109?
-7599103
In base 12, what is 1 - -1845585?
1845586
In base 8, what is -1431 + 13722?
12271
In base 12, what is 4 + -1a229396?
-1a229392
In base 14, what is -1173 - -171b?
588
In base 9, what is 136516 + 84?
136611
In base 5, what is 141214213221 - 4?
141214213212
In base 7, what is 244 + -1134013?
-1133436
In base 8, what is 2205343 + -4?
2205337
In base 15, what is 6e + -24e36?
-24db7
In base 2, what is -1100011001110000 + 1000110111?
-1100010000111001
In base 4, what is 20132 - 323130?
-302332
In base 11, what is -78508 - 43?
-78550
In base 11, what is 351595 + 94?
351679
In base 16, what is 5 + -8857c?
-88577
In base 10, what is 27995 - -5183?
33178
In base 16, what is -5 + 850eb?
850e6
In base 8, what is -4506 + -1776?
-6504
In base 4, what is -2132231020330 - 3?
-2132231020333
In base 7, what is -1232232105 + -10?
-1232232115
In base 12, what is 3541b97 - -1?
3541b98
In base 16, what is 3e - 6e17a7?
-6e1769
In base 5, what is 413030 + 10110?
423140
In base 8, what is -57 - 12650471?
-12650550
In base 10, what is -10176 + 298?
-9878
In base 14, what is 19 + 1b7463?
1b747c
In base 3, what is -211010 - 201122012?
-202110022
In base 4, what is 213 - 10112103123?
-10112102310
In base 12, what is -8255b99 - -34?
-8255b65
In base 6, what is 113133 + -41002?
32131
In base 14, what is 3b42 - 217d?
19a3
In base 16, what is 0 - -3a54ddc?
3a54ddc
In base 7, what is 1141362 - 1620?
1136442
In base 14, what is 38ba850 - 1?
38ba84d
In base 12, what is -17b4123 - 4?
-17b4127
In base 10, what is -115 - -10722905?
10722790
In base 9, what is 12 - 1160658?
-1160646
In base 10, what is 119 - -9550258?
9550377
In base 15, what is -5 + -ccc7?
-cccc
In base 10, what is -2 + -5934290?
-5934292
In base 15, what is 31296 + 1e?
312b5
In base 13, what is 93231 - -115?
93346
In base 15, what is -1 + 102e001?
102e000
In base 7, what is -3 - -33250305?
33250302
In base 11, what is 241466 - -73?
241529
In base 15, what is 39 - c8e35?
-c8deb
In base 15, what is -ec + 1dda0?
1dca3
In base 11, what is 1664936 - 3?
1664933
In base 3, what is -10220120210110 + 1211?
-10220120201122
In base 7, what is -64 + 13563012?
13562615
In base 13, what is -1a4a622 + 4?
-1a4a61b
In base 15, what is -9 + 1b7da8?
1b7d9e
In base 8, what is 776 + -3074223?
-3073225
In base 4, what is 113311110 + -10?
113311100
In base 16, what is 5a217 + 9c?
5a2b3
In base 12, what is 5778b - 46?
57745
In base 13, what is -1453 + -2157?
-35aa
In base 8, what is -7 - -3411422?
3411413
In base 12, what is 3654a1 - 9?
365494
In base 5, what is 1300 + -20400441?
-20344141
In base 6, what is 0 - -3225240401?
3225240401
In base 11, what is -1340 + 8172?
6932
In base 7, what is 6335 - -4020?
13355
In base 4, what is -1 - 112111122312?
-112111122313
In base 10, what is -15213425 - 3?
-15213428
In base 6, what is 53310312 + 14?
53310330
In base 4, what is 2011331220 + 220?
2011332100
In base 7, what is -603326 - 2161?
-605520
In base 15, what is -c7c - -37c01?
36e74
In base 15, what is -260c99 - 18?
-260cb2
In base 8, what is 0 - -35160755?
35160755
In base 10, what is -18 - -373738?
373720
In base 5, what is -2312441333314 + -4?
-2312441333323
In base 4, what is -122010020012 - 12?
-122010020030
In base 15, what is -42c4ea2 + -7?
-42c4ea9
In base 13, what is -c4ca2a3 - 1?
-c4ca2a4
In base 4, what is 11 + -220113331103?
-220113331032
In base 10, what is -511683 + 305?
-511378
In base 5, what is -2200304330 - 10?
-2200304340
In base 6, what is 125055035 + 32?
125055111
In base 14, what is -2 - -732978?
732976
In base 13, what is 106 - -28a771?
28a877
In base 12, what is 57 + -130799?
-130742
In base 10, what is -299115 - 481?
-299596
In base 5, what is 3 + 11314344104?
11314344112
In base 16, what is -10aa + -bb1?
-1c5b
In base 16, what is 38a4366 + d?
38a4373
In base 12, what is -2a8 - -31333?
31047
In base 2, what is 100011010000 + 11000100100110110?
11001001000000110
In base 4, what is 2323 - 230231313?
-230222330
In base 14, what is 6dbd599 + 3?
6dbd59c
In base 3, what is -12011110101122 + -20221?
-12011110122120
In base 8, what is 3534 + 177265?
203021
In base 6, what is 102 + 11334141?
11334243
In base 2, what is 0 - 100100011100110000110000?
-100100011100110000110000
In base 2, what is -1110010010 + 10001001111001?
1111011100111
In base 8, what is 35 + -25660?
-25623
In base 3, what is -20221101120022 - 212?
-20221101121011
In base 6, what is 2404 + 251124?
253532
In base 9, what is 522633 - 172?
522451
In base 12, what is 47a1416 + 1a?
47a1434
In base 2, what is -10000110101000101001011011 - -10?
-10000110101000101001011001
In base 15, what is 15e0404 + 4?
15e0408
In base 12, what is 1474b8 - -19?
147515
In base 2, what is 11 - 10000011001110100011010000?
-10000011001110100011001101
In base 6, what is -2522 + -3011124?
-3014050
In base 5, what is 0 - -3002441001?
3002441001
In base 9, what is -48741 - 5801?
-55642
In base 7, what is 30366 - -2136?
32535
In base 11, what is -9a3 + 431655?
430762
In base 8, what is -206 + -501441?
-501647
In base 6, what is 1423255 + 1104?
1424403
In base 4, what is -3232020 - -22223?
-3203131
In base 6, what is -134123 + -25025?
-203152
In base 2, what is 1011000100100010100111110001 - -101?
1011000100100010100111110110
In base 2, what is 1001100010001010101 + -111?
1001100010001001110
In base 3, what is 2 - -222101122222?
222101200001
In base 3, what is 210000102 - -210?
210001012
In base 14, what is -56c5 - -175?
-5550
In base 5, what is 2404 + 20311320?
20314224
In base 6, what is -3550 - -2230?
-1320
In base 16, what is -5b - 1ef485?
-1ef4e0
In base 5, what is -2244311 + -4110?
-2303421
In base 3, what is 22011100 - -102111011?
201122111
In base 15, what is 7e7d6cc + 2?
7e7d6ce
In base 15, what is -3c - -238e?
2352
In base 7, what is -1030 + -23515164?
-23516224
In base 11, what is 36439 + 4037?
3a475
In base 3, what is 11 + -2000221202111210?
-2000221202111122
In base 16, what is a14 - 3511?
-2afd
In base 5, what is 33343 - 101230?
-12332
In base 15, what is -607375 + 3?
-607372
In base 5, what is 23332112 + 432?
23333044
In base 11, what is 71121 + 4638?
75759
In base 15, what is -762c - -97?
-7585
In base 10, what is 4 + 40275915?
40275919
In base 3, what is -120011010021012 - 11?
-120011010021100
In base 14, what is -21280a + 12?
-2127d8
In base 5, what is -11341334 + -33?
-11341422
In base 12, what is 0 + 2ab07a?
2ab07a
In base 11, what is -1 + 1244935?
1244934
In base 5, what is 4003023 - 4301?
3443222
In base 16, what is -9ad1b4c + -3?
-9ad1b4f
In base 5, what is 10412 + -301421?
-241004
In base 9, what is 43524 - 834?
42580
In base 2, what is -1100000000001001011000 - -1100?
-1100000000001001001100
In base 8, what is 425422 + -5232?
420170
In base 9, what is 166210 - -671?
166881
In base 5, what is 1030141443340 - 3?
1030141443332
In base 9, what is -377186 - -128?
-377057
In base 4, what is -11312 - 3310300330?
-3310312302
In base 13, what is 11466a702 - 4?
11466a6cb
In base 13, what is 38972 - -74?
38a16
In base 11, what is -2 - -1199613?
1199611
In base 8, what is -1422544217 - 0?
-1422544217
In base 16, what is -d9cb + 1bd?
-d80e
In base 5, what is 23320214301 + 110?
23320214411
In base 9, what is -4067 - 3147?
-7225
In base 14, what is 3ba6c - 1bc?
3b890
In base 12, what is 0 + 9890b9b?
9890b9b
In base 14, what is 9a56cb8 - 3?
9a56cb5
In base 11, what is 1612681 - -208?
1612889
In base 16, what is -eb0e9c4 + -3?
-eb0e9c7
In base 11, what is -1324312 - -183?
-132413a
In base 11, what is -3435a743 + 6?
-3435a738
In base 3, what is -12000202020120 + 10?
-12000202020110
In base 3, what is -1222200121 - -102100121?
-1120100000
In base 11, what is 14 - -6731143?
6731157
In base 13, what is 111 - 105a7?
-10496
In base 2, what is 10101001000110 - 1000011111?
10100000100111
In base 3, what